 prime?
False
Is 9264617743 prime?
False
Is 2292062369 a prime number?
True
Is 168716819 composite?
False
Is 16060193789 a prime number?
True
Is 63558779 a composite number?
False
Is 76401542843 prime?
False
Is 241464323621 composite?
False
Is 10343956137 a prime number?
False
Is 24937156687 composite?
True
Is 28257743 composite?
False
Is 172849986559 composite?
False
Is 95435254 a composite number?
True
Is 7619994322 composite?
True
Is 8114853073 a composite number?
False
Is 23708666339 composite?
True
Is 4967206927 a composite number?
False
Is 26049073957 prime?
False
Is 7009086503 a composite number?
False
Is 62081675993 a prime number?
False
Is 78394549 a composite number?
False
Is 19374871889 a prime number?
True
Is 3386955797 a composite number?
False
Is 738028471 a composite number?
False
Is 34865236801 prime?
True
Is 2700625111 a composite number?
False
Is 1572911489 composite?
False
Is 32480089307 prime?
True
Is 62738915773 a composite number?
False
Is 14682505281 composite?
True
Is 2316361213 a composite number?
False
Is 233729263 composite?
False
Is 13250211491 a prime number?
False
Is 10353856091 composite?
True
Is 11918827031 a prime number?
True
Is 3458221357 a prime number?
True
Is 5588885339 a composite number?
False
Is 22759676501 a composite number?
True
Is 146843156479 a prime number?
True
Is 2577076687 a composite number?
False
Is 23503789 prime?
True
Is 685103989 prime?
False
Is 2254461601 composite?
True
Is 53235007243 a composite number?
True
Is 771121381 composite?
True
Is 6069368161 a prime number?
True
Is 3182010521 a composite number?
False
Is 8551609 composite?
True
Is 46056408961 prime?
True
Is 2316538261 composite?
True
Is 1525099439 composite?
True
Is 1911323093 a composite number?
False
Is 425585297 a composite number?
False
Is 1726226679 a prime number?
False
Is 69054825397 composite?
False
Is 30155751277 composite?
False
Is 92857633 prime?
False
Is 310891213 a prime number?
False
Is 343261333 composite?
False
Is 39032120393 prime?
False
Is 2244866629 composite?
False
Is 15539832118 a composite number?
True
Is 7413848789 a composite number?
True
Is 1189714237 a prime number?
True
Is 17468185963 a prime number?
True
Is 3647420467 composite?
False
Is 12425564461 a prime number?
True
Is 145234033 a composite number?
True
Is 751470469 prime?
True
Is 924184645 composite?
True
Is 314430101 prime?
False
Is 9964423087 a prime number?
True
Is 365849867 prime?
True
Is 2017738729 prime?
False
Is 1354977557 prime?
True
Is 880960705 prime?
False
Is 346169641 prime?
False
Is 1014966331 composite?
True
Is 193187473267 composite?
True
Is 15619741519 prime?
False
Is 23639167609 composite?
False
Is 3887089073 composite?
True
Is 1218805163 prime?
True
Is 92667761789 prime?
True
Is 383172241 a composite number?
False
Is 3086103409 a prime number?
False
Is 7114691719 composite?
False
Is 5462108297 a composite number?
False
Is 1400628847 prime?
False
Is 2289336565 prime?
False
Is 23756107 prime?
False
Is 30363136373 prime?
False
Is 2316687647 prime?
True
Is 508608881 composite?
True
Is 1634395579 composite?
True
Is 3272467993 a prime number?
True
Is 2948380243 prime?
True
Is 339892811 a prime number?
False
Is 1803830059 a composite number?
False
Is 16244296633 a prime number?
True
Is 1085918681 a prime number?
True
Is 24820078643 composite?
True
Is 83460437363 a composite number?
True
Is 15245728469 a prime number?
False
Is 15951300431 composite?
True
Is 10635462329 a composite number?
False
Is 18534137 prime?
True
Is 23150681599 prime?
True
Is 600278869 a prime number?
False
Is 261114817 prime?
True
Is 57997597159 composite?
False
Is 6334979593 composite?
False
Is 3704251891 a prime number?
True
Is 10397852981 a prime number?
True
Is 1014906281 a prime number?
True
Is 8889204553 a composite number?
True
Is 14163239 a composite number?
True
Is 3337875221 composite?
True
Is 188280455719 prime?
True
Is 26688581669 a prime number?
True
Is 69823334747 composite?
True
Is 68461529 a prime number?
True
Is 2844976931 composite?
True
Is 4418198747 a prime number?
False
Is 1422484933 composite?
True
Is 4018133711 a prime number?
True
Is 6615327949 a prime number?
True
Is 2640767587 a composite number?
False
Is 40852091801 a prime number?
True
Is 5114868197 a composite number?
True
Is 605605031 a composite number?
True
Is 584732081 composite?
False
Is 16340345201 composite?
False
Is 12264832191 prime?
False
Is 54740927 prime?
False
Is 11050810523 prime?
True
Is 1313253607 a prime number?
False
Is 12891707681 prime?
False
Is 7837178053 a prime number?
False
Is 286883207003 composite?
False
Is 391993753 composite?
True
Is 14548453939 composite?
False
Is 4876921783 composite?
False
Is 2775321079 a composite number?
False
Is 999975143 composite?
True
Is 1089618923 a composite number?
True
Is 108172379 a composite number?
True
Is 2354986681 composite?
True
Is 130805897987 composite?
True
Is 3562518833 a composite number?
True
Is 10738159727 a composite number?
False
Is 560945999 a composite number?
False
Is 1127227657 a prime number?
True
Is 74829052723 prime?
True
Is 111578657815 a prime number?
False
Is 22382259297 composite?
True
Is 12946935047 a prime number?
True
Is 5786721769 a composite number?
False
Is 1947875353 composite?
False
Is 113999861615 composite?
True
Is 420390497 prime?
True
Is 30605278855 composite?
True
Is 3212820353 composite?
False
Is 214337251 a prime number?
False
Is 30982193 a composite number?
True
Is 2835502837 a prime number?
False
Is 44854551733 composite?
False
Is 30376956567 composite?
True
Is 16819407499 a composite number?
False
Is 946456103 a prime number?
False
Is 211473872173 prime?
False
Is 12993355321 composite?
True
Is 585704143 prime?
True
Is 1228470163 a composite number?
False
Is 4268523803 a composite number?
False
Is 657631937 composite?
False
Is 2644190567 composite?
False
Is 4136808381 a prime number?
False
Is 10301367091 a prime number?
True
Is 630755599 a prime number?
True
Is 661846391 a composite number?
False
Is 617355536767 prime?
True
Is 4440738769 a composite number?
True
Is 41609533655 a prime number?
False
Is 55196878579 a composite number?
False
Is 11844359639 a composite number?
True
Is 3258983081 a composite number?
False
Is 17468926799 a composite number?
False
Is 13517206229 composite?
False
Is 1660329299 a prime number?
False
Is 88911462427 composite?
False
Is 18809436847 a prime number?
False
Is 26760983567 a composite number?
False
Is 137542711 a prime number?
True
Is 86546067587 a composite number?
True
Is 9216247727 prime?
True
Is 2137363733 a prime number?
False
Is 296754307 composite?
False
Is 1521408107 a prime number?
True
Is 71555529553 a prime number?
False
Is 1771362539 a composite number?
True
Is 3027835243 a composite number?
True
Is 20343692051 a composite number?
True
Is 1648289309 a prime number?
True
Is 12531765479 prime?
True
Is 366121707647 composite?
False
Is 36074947 composite?
False
Is 29373539651 a composite number?
False
Is 39708385477 a composite number?
True
Is 3837763217 a composite number?
False
Is 2433281563 prime?
True
Is 3201379534 a composite number?
True
Is 405700651 composite?
False
Is 12522908057 a prime number?
False
Is 381287047 a composite number?
False
Is 1953384421 prime?
True
Is 3164906309 a composite number?
False
Is 4051195807 a prime number?
True
Is 31061125523 prime?
False
Is 378177221 a prime number?
False
Is 43175593529 a prime number?
True
Is 2431080727 a composite number?
False
Is 4267694999 a prime number?
True
Is 8276711407 a prime number?
False
Is 69490536421 prime?
False
Is 38650797299 a prime number?
True
Is 23108942441 a composite number?
True
Is 32842202801 a composite number?
False
Is 164635744243 a composite number?
False
Is 860728837 a prime number?
False
Is 18790756069 a composite number?
True
Is 37833016817 a prime number?
True
Is 6170219647 prime?
False
Is 183342851 a composite number?
False
Is 5405502293 composite?
False
Is 301411889 a prime number?
True
Is 1028936023 prime?
True
Is 533932027 a prime number?
False
Is 191842831 a composite number?
False
Is 535090427 composite?
False
Is 372227255 prime?
False
Is 827200459 prime?
True
Is 188848292417 composite?
True
Is 436691399 a composite number?
False
Is 34829461 prime?